d t?
11
Suppose 4*b - 157 + 1065 = 6*u, -4*u + 624 = 2*b. Suppose -15 = 3*x, 4*o + 254 = 8*o + 2*x. What is the highest common divisor of o and u?
22
Suppose -4*v + q + 93 = 0, 16 = 5*v - 3*q - 102. Suppose -6*g = -10*g + 672. Suppose 0 = 2*u - 62 - g. What is the highest common factor of u and v?
23
Suppose -4*l = -21 + 1. Suppose 0 = 4*p - 15 - l. Calculate the highest common factor of 65 and p.
5
Suppose 973*o - 968*o - 30 = 0, -5*q - 5*o = -20630. Calculate the greatest common divisor of q and 5.
5
Let k(m) = -m**3 - 49*m**2 - 3*m + 72. Let f be k(-51). What is the greatest common divisor of 67 and f?
67
Let o = -799 - -807. Let n(b) be the first derivative of b**4/4 - 8*b**3/3 + 3*b**2 + 14*b - 1. Let q be n(o). Calculate the highest common factor of q and 31.
31
Suppose 59 = 16*c - 437. Suppose 1 = u - 3. Suppose 4 = -2*p, 3*j - u = -2*p + c. Calculate the highest common divisor of j and 104.
13
Let b = 1134 + -1038. Calculate the greatest common factor of b and 1212.
12
Let g = -121 + 80. Let k be ((-902)/g)/(2/12). What is the highest common divisor of 12 and k?
12
Suppose 0 = 122*z - 38*z - 3143 - 17605. Calculate the highest common factor of z and 703.
19
Let z be (-4)/18 - (-148)/18. Suppose z*s - 6*s = -160. Let p be s/(-14) + 46/161. Calculate the greatest common factor of p and 3.
3
Let k(b) = b**3 - b - 8. Let l be k(3). Suppose i - l - 20 = 0. Suppose 0*g + 36 = 3*w + g, -3*w - 2*g = -i. Calculate the highest common divisor of w and 6.
6
Let g(c) = 4*c**3 - 8*c**2 - 5*c + 25. Let m be g(-7). Let w be m/(-72) + (1 - (-8)/(-3)). What is the greatest common factor of 176 and w?
22
Let y be 1702 - ((-152)/(-133))/(2/14). What is the greatest common divisor of 126 and y?
14
Suppose -2*t = 6, 0 = -0*i + 3*i + 2*t - 267. Suppose -7*c - 5*c + 462 = 21*c. Calculate the highest common factor of i and c.
7
Let z(o) = -o**3 + 12*o**2 + 13*o - 37. Let y be z(15). Let u = 581 + y. Calculate the highest common factor of u and 176.
16
Suppose 6*r + 11 = -25, 5362 = 4*t - 3*r. Calculate the highest common factor of t and 16.
8
Let m be (-1 - (0 + -15))/(4/30). Suppose 11*d + 181 = 676. What is the highest common divisor of m and d?
15
Suppose -7*h = 2*h - 36. Suppose -3*b + b - h*q = -200, q = -2*b + 194. Calculate the greatest common factor of 72 and b.
24
Suppose -3*t + 13 = -3*s - 53, 0 = 4*t + 2*s - 76. Let r be (7 - 2)*(-2 - -3). Calculate the greatest common factor of t and r.
5
Let u(n) = -2*n**3 - 20*n**2 + n - 26. Let b be u(-6). Let k = b - -474. Calculate the greatest common factor of k and 14.
14
Let w(x) = 5*x**2 + 29*x + 12. Suppose 3*j = -4*z - 20, 4*z - 8*j = -5*j - 44. Let h be w(z). Calculate the highest common divisor of h and 20.
20
Let j be ((-4)/6)/(12/9)*10. Let z be 1*-30*(16/(-3) - j). What is the highest common divisor of 230 and z?
10
Suppose 11*g - 5*g - 18 = 0. Suppose 4*l = -4*m - 26 + 78, 42 = g*m + 2*l. Calculate the highest common divisor of m and 208.
16
Let k be ((-1)/16 - 0) + 10747/176. Suppose -l = -3*b - 725 + 54, 1342 = 2*l - 5*b. What is the greatest common factor of k and l?
61
Let z(f) = 10*f. Let a be z(1). Let l(g) = 21*g - 16. Let u = -56 - -62. Let h be l(u). What is the greatest common divisor of h and a?
10
Let c = -57 + 59. Suppose -c*t - 4 = -8. Let j be (-55)/(-2*t/16). What is the greatest common divisor of j and 20?
20
Suppose -2*p + 2*b + 180 = 0, -382*p - 2*b - 95 = -383*p. What is the greatest common factor of 2635 and p?
85
Let a be 2/4 - 60/(-8). Suppose 4*g + 7*w - 28 = 4*w, -4*g + 36 = w. Let j = 118 + g. What is the highest common factor of j and a?
8
Suppose 186*u - 476 = 179*u. Let x be 5452/329 + (-6)/(-14). Calculate the highest common divisor of u and x.
17
Let i(n) = 50*n + 694. Let q be i(-13). Calculate the greatest common divisor of 9284 and q.
44
Let t be 11 + 2 + -13 - -49. Calculate the greatest common divisor of t and 3087.
49
Suppose -2468*s + 2463*s = -22640. Calculate the greatest common divisor of 64 and s.
16
Let f = 557 - 293. Let d(m) = 7*m**3. Let q be d(1). Suppose 11*c = q*c + 96. What is the highest common divisor of c and f?
24
Let o be 8 + (-20)/(-10) + 1205. Calculate the highest common divisor of 30 and o.
15
Let a(l) be the first derivative of l**4/2 - 4*l**3/3 + 2*l**2 - 16*l + 85. Let v be a(4). What is the greatest common divisor of v and 16?
16
Let w = -10444 + 10676. Calculate the highest common factor of w and 406.
58
Let k(c) = c**3 - 52*c**2 - 305*c - 276. Let s be k(59). Calculate the greatest common factor of s and 32.
16
Suppose 3*j - 8 = 2*v, 2*j - 4*j - v = -10. Suppose -5*o + 0*o + 105 = 3*y, 0 = 2*o + j*y - 42. Calculate the greatest common divisor of 546 and o.
21
Suppose 1170 = -5*f + 35*f. What is the greatest common factor of f and 447?
3
Suppose 2*f + 14542 = 201*m - 197*m, 4*f = -28. Calculate the highest common factor of 16 and m.
16
Suppose -4*i = -4*w - 12415 - 773, 2*i + 5*w = 6573. Calculate the highest common factor of 54 and i.
54
Suppose 5*l - 47 = -4*a, 2*l - 4*a = 4 - 2. Suppose 0 = -4*g + l*g - 456. What is the highest common factor of 19 and g?
19
Let q(z) = -z**2 - 74*z - 880. Let s be q(-52). Calculate the greatest common divisor of 9900 and s.
132
Let n be 6 + -5 + 5 + 2. Let c(i) = -n + 33 + 3 - 4*i + 6*i. Let v be c(0). Calculate the highest common divisor of 42 and v.
14
Suppose 2*t - 7*t - 4*j = -53, -2*j = t - 7. Let a = -9 - -13. Suppose 0 = a*z - 2*z - 52. What is the highest common factor of t and z?
13
Suppose -45088*i - 516 = -45090*i. Calculate the greatest common factor of 13244 and i.
86
Suppose 6669*z - 6599*z = 1474200. What is the greatest common factor of 312 and z?
156
Suppose 2*z + 38 = 6*r - r, -3*z = 5*r + 57. Let l(i) = 26*i + 1. Let f be l(1). Let v = f + z. Calculate the highest common factor of v and 1.
1
Let p(u) be the second derivative of u**4/12 + u**3/6 + 5*u**2 + 2*u + 1. Let v be p(9). Calculate the highest common divisor of 75 and v.
25
Let n be (-464)/1160*(-191 + 1). What is the highest common divisor of n and 1178?
38
Let s = 4 + 11. Let k = -22923 - -23328. Calculate the greatest common factor of s and k.
15
Suppose -13*b - 244 = 172. Let g = b + 37. Suppose -10*o + 70 = g*x - 6*o, 4*o + 42 = 3*x. What is the highest common divisor of 7 and x?
7
Suppose 0 = -4*f + 7*f - 2*j - 1146, -j - 1523 = -4*f. What is the highest common factor of f and 1976?
76
Let j(i) = -2 - 9*i**2 - 7*i**3 + 0 + 7*i**2 + 1 + 2*i - 4. Let m be j(-4). What is the greatest common factor of 31 and m?
31
Let v be 12/(((-10)/(-6))/(20265/3474)). Let o(z) = 6*z**2 - 2*z + 3. Let w be o(-3). Calculate the highest common divisor of v and w.
21
Suppose 4*a - 13976 = 16*y - 12*y, a - 4*y - 3497 = 0. What is the highest common divisor of a and 14?
7
Suppose 170 = -c + 4*o - 248, -836 = 2*c + o. Let l = c - -424. What is the highest common factor of 117 and l?
3
Suppose 3948 = 56*i - 9*i. What is the highest common factor of 3318 and i?
42
Let h be 24*(-10)/560 + (-21563)/(-7). What is the highest common divisor of 56 and h?
56
Let w be 84/4*(-8586)/(-371). Calculate the greatest common divisor of 42 and w.
6
Suppose b + 0*b = 3. Let y be (b - -1)/1 - 1. Suppose 12 = -y*o + 4*o. Calculate the greatest common factor of o and 12.
12
Suppose 5*j + 5*i - 25 = -0*i, 0 = 4*j + 2*i - 14. Let h(a) = 11*a**2 - 3*a + 2*a**2 + 60 - 61. Let c be h(j). What is the highest common factor of 315 and c?
45
Let r be 0 + (-6)/2 + 8580/39 - 0. What is the highest common divisor of r and 2635?
31
Suppose 3513 - 4217 = -8*h. Calculate the greatest common factor of h and 583.
11
Suppose -5*d - 107 = -4*q, 50*d - 51*d - 97 = -5*q. Let g = 11 - 18. Let k be 0/g + 24*1. What is the highest common divisor of q and k?
6
Let j = 27147 - 26567. What is the greatest common factor of j and 5452?
116
Let v = 94 + -43. Let u be 21/(-6) + (-627)/(-66). What is the greatest common divisor of v and u?
3
Let u be (-12)/(-9) + (-4)/(-18)*3153. Suppose u = 7*y - y. Let q = y - 18. Calculate the highest common divisor of 9 and q.
9
Let i(j) = j**2 - 15*j - 584. Let c be i(-25). Calculate the highest common factor of c and 26.
26
Let p be (31/(-5))/(((-420)/5800)/21). What is the greatest common factor of p and 62?
62
Suppose 0 = 1646*q - 1637*q - 7749. Cal